*v**2 - 19*v - 27. Is m(40) a prime number?
False
Suppose 49*f = 42*f - 24178. Let j = f + 7433. Is j prime?
False
Let q(i) = 5*i**2 - 31*i + 9. Suppose -6*w = 4*w - 60. Let n be q(w). Is (33159/28)/(n/4) composite?
False
Suppose 4*b + 2*n - 26 = 0, 5*n = 5*b + 2 + 3. Suppose -2*p - 4*l = -4684, -b*l = 5*p - 5009 - 6677. Let m = -283 + p. Is m a composite number?
True
Let r(j) = j**3 - 2*j**2 - 1. Let g be r(2). Suppose -24 + 102 = -13*a. Is (753/a)/(g/2) composite?
False
Suppose 0 = 11*v - 8 - 14. Suppose -10781 = -3*q + v*j, 5*q = 2*q - 4*j + 10793. Is q a composite number?
True
Let w = 1466 - 630. Suppose 418 = 2*v + 4*d, -5*d = 4*v - 2*d - w. Suppose -45 - v = -2*p. Is p a composite number?
False
Let w be ((-136)/51)/(4/(-6)) + -5. Is (-3 - w)*-2797*4/8 prime?
True
Let w = 89 - 85. Suppose 0 = -l - 5*k + 23 + 334, 0 = -3*l - w*k + 1027. Is l composite?
False
Let n(x) be the first derivative of 29*x**4/2 - 4*x**3/3 - x**2 + 22*x - 59. Is n(4) composite?
True
Let a be (-2)/6*(-28 - -31). Let p = -15 - -16. Is a*(-1551 - 4*(p - 0)) prime?
False
Let m(b) = 3*b**2 + 7*b - 4. Let a(n) = -n**3 - 6*n**2 - 11*n - 8. Let o be a(-4). Suppose 2*f - 24 = 4*x - 0*x, 4*x - o*f + 24 = 0. Is m(x) a composite number?
True
Suppose -5*f = -4*d + 1492488 + 911664, -4*d = -f - 480840. Is f/(-120) + 2 + (-57)/30 prime?
True
Suppose 523*s - 528*s - 267550 = 0. Let b = s + 80517. Is b composite?
True
Let l be (-2 - (-36)/15)/(2/(-20)). Let j be 178/l*(-5)/((-20)/(-8)). Let z = 108 - j. Is z prime?
True
Let z(c) = -5511*c - 191. Is z(-16) prime?
False
Suppose 5*d + 1279 = -3*f - 1399, 5*f + 5*d + 4460 = 0. Let s = f + 3664. Is s composite?
True
Let y = -163806 - -262655. Is y prime?
True
Suppose 0 = 8*v + 10*v - 2327922. Is (v/46)/((-1)/(-6)) prime?
False
Let v(o) be the third derivative of 131*o**5/20 - 7*o**4/12 + 9*o**3/2 + 5*o**2 + 7. Is v(2) a prime number?
True
Suppose 141 = 2*g - 4*t - 1353, 4 = -t. Suppose 0 = l, 0 = -c - 0*c + 4*l + g. Is c prime?
True
Let z = 425 - 537. Is 3/24 + (-585410)/z a composite number?
False
Suppose 5*b + 74155 = 4*z, 2*z = 3*z + 2*b - 18555. Let a be 42 + -3*2/(-6). Suppose -a*f = -48*f + z. Is f prime?
True
Let o = -7057 + 17590. Suppose -2*a + o = -0*a + k, -4*a + 21091 = -3*k. Is a a composite number?
True
Let d = 532211 - -1442480. Is d a composite number?
True
Let x be 4 + (2 - 5)/(-3)*25. Let g = x - -2874. Is g a prime number?
True
Let y be 650/(-234) + (-4)/18. Let u(k) = -236*k**3 + 3*k**2 - 2*k - 2. Is u(y) prime?
False
Suppose 0 = 4*i - k - 37, 4*k = -i + 2*k - 2. Let n be (-4931)/(2 + (-20)/i). Suppose 0 = -v - 3*z + 1964, v - 6*v - z = -n. Is v a prime number?
True
Let t be (-6)/(-51) + (-11000)/(-136). Let l be (18/t - 853/(-9))*11. Suppose -3*k - j = -k - 405, 5*k - l = 4*j. Is k prime?
False
Let a(w) = -19033*w - 645. Is a(-2) composite?
True
Let s be 1 + (-19)/(285/(-60)). Let u(l) = l - 1. Let q(a) = -21*a. Let h(k) = -q(k) - 5*u(k). Is h(s) a composite number?
True
Let s be (-10666)/((4/6)/(-1)). Suppose 0 = 5*f + 2*r - 26649, -3*f + 3*r - r + s = 0. Is f prime?
False
Let j = 23 - 21. Suppose 16 = 2*x + j*x. Suppose -x*o - 676 = -8*o. Is o a composite number?
True
Let p(n) = n**3 + 4*n**2 + 2*n - 1. Let d be p(-2). Suppose -d*l + 11 = -10. Let u(r) = r**3 + 2*r**2 + 18*r - 14. Is u(l) a composite number?
True
Let a = 1106 + -2287. Let t(s) = -2*s**3 - 25*s**2 - 23*s + 12. Let g be t(-16). Let b = a + g. Is b composite?
False
Suppose -56*i + 49*i = -699517. Is i prime?
False
Suppose -96*z - 5*z + 2597358 = -42272195. Is z a composite number?
False
Let s(a) = -15 - 15*a - 12*a - 11*a. Let i(z) = 57*z + 22. Let f(c) = -5*i(c) - 7*s(c). Is f(-10) prime?
False
Is (-4649357)/(-45) - 276/6210 a prime number?
True
Let q(i) = -7*i - 2*i + 42 + 93*i**2 - 37. Is q(-6) a prime number?
True
Let b = -471 - -466. Is 217 - ((-2)/b)/((-13)/(-65)) a composite number?
True
Let c(b) = -2445*b**2 - b + 8. Let s be c(-2). Let k = s + 20523. Is k a prime number?
True
Suppose -1904 + 168 = -j. Is j - (-1 + 1 - 39/13) a prime number?
False
Let a(r) be the second derivative of -3*r**5/10 - r**4/4 + r**3/6 - r**2/2 - r. Suppose -21*m - 42 = -7*m. Is a(m) prime?
True
Let f be 1 - -3 - (10/(-5) - 0). Suppose -g - f*g = 0. Suppose -3*d - t - 3*t + 686 = g, -5*t - 1120 = -5*d. Is d a prime number?
False
Let m(k) = 3*k**3 + 12*k - 15 - 4*k + 13*k**2 - 1 + 3. Let i = -17 - -23. Is m(i) prime?
True
Suppose -112*q = 1423363 - 7704435. Is q a composite number?
False
Suppose 5 + 10 = 5*m - 5*v, 0 = -5*v. Suppose -m*o + 83 = 59. Suppose 6*n + o*n = 17402. Is n a prime number?
False
Let j = 1 - 1. Suppose -x + 1677 = 4*w - 6*x, -4*w + x + 1657 = j. Suppose 4*n - 1103 = w. Is n composite?
False
Let w(o) = 17228*o - 71. Is w(42) a composite number?
True
Let f = -39602 + 78541. Is f a prime number?
False
Let n = -49 + 339. Let k be n - (-2 + -2) - 2. Let l = -137 + k. Is l a prime number?
False
Let h(y) = -y**3 - 6*y**2 - 6*y + 2. Let q be h(-2). Is 7983 - (-13 + 14)/(q/4) composite?
True
Suppose 1 = -3*v + 13. Suppose 22 = -3*w - 4*f, -v*w - 3*f = f + 24. Is w/(-11) - 30836/(-44) a prime number?
True
Suppose 2*p = 2*d - 3*p - 166666, 0 = -4*d - 5*p + 333332. Is d composite?
True
Let a = 402 + -382. Let m(s) be the second derivative of s**5/20 - 4*s**4/3 - 11*s**3/6 + 5*s**2/2 - 3*s. Is m(a) composite?
True
Let a(t) = -51553*t - 296. Is a(-21) composite?
False
Suppose 25265690 + 19442451 - 7048286 = 345*z. Is z prime?
True
Let l = 149250 + -106483. Is l a composite number?
False
Let f(y) be the third derivative of y**6/120 - y**5/10 - y**4/4 + y**3/2 - 6*y**2. Let u be f(7). Is 16749/15 + 4/u prime?
True
Suppose -y + 54058 = 2*v - 13123, 3*v - 2*y - 100775 = 0. Is v prime?
False
Let a(m) = m**3 - 17*m**2 - 3*m + 110293. Is a(0) a composite number?
True
Suppose 2*k + 48149 = 3*x + 7*k, -4*x + 64206 = 3*k. Let a = x - 10350. Is a a prime number?
False
Is (-10)/(-140) + (-20384190)/(-84) a prime number?
False
Suppose -146 = -12*x + 46. Suppose -x*p - 5181 = -82733. Is p a composite number?
True
Suppose -30*b = 9*b - 4210602 - 3172371. Is b prime?
True
Let j(i) = 2*i + 4. Let o(f) = -f**3 + 23*f**2 + 24*f - 4. Let s be o(24). Let k be j(s). Is 2604 + (4 + -6)/(k/2) prime?
False
Is 108007995/150 - 42/140 a prime number?
True
Let u be 5176/10 - (-20)/50. Let k = u - -5350. Let p = k - 3049. Is p prime?
True
Is (-2)/18 + ((-410)/(-2665) - 24467386/(-117)) a composite number?
False
Let m(n) = -n**3 - 20*n**2 + 19*n + 185. Let i be m(-21). Let f = -5 + 8. Suppose -a + 1196 = f*j, -a = -4*j - 1388 + i. Is a composite?
False
Suppose 3*v = -4*n + 44, 2*n - 7*n = -25. Let o be (-210)/(-50) - v/(-10). Suppose o*k = k + 860. Is k a composite number?
True
Suppose 0*p = -4*p - 2*f + 1285438, 0 = -4*p - f + 1285437. Is p a prime number?
True
Let h = 724740 - 321817. Is h a composite number?
False
Let d(k) be the first derivative of -18*k**2 + 125*k - 62. Is d(-29) composite?
True
Suppose 4*q - 13 - 7 = 0. Suppose 0 = q*j - 2*x + 24416 + 8399, 5 = -x. Let b = j - -11948. Is b composite?
True
Suppose 0 = 383*u - 193*u - 227*u + 171139541. Is u a prime number?
True
Let r = -149 + 153. Suppose -3*l + 11721 = -r*t, -4*l + 2499 = -3*t - 13129. Is l composite?
False
Let o(q) = -267*q + 13. Let k be o(-6). Suppose -4*h = -2*y - 3*y + 330, -195 = -3*y + 3*h. Suppose 0 = -3*t - y + k. Is t prime?
False
Let s(i) = -i**3 + 5*i**2 + i + 3. Let x be s(5). Let g be 13/(-52) - (-18)/x. Suppose 2*k - g*r = 3*r + 1131, -r - 1111 = -2*k. Is k a prime number?
False
Let r(j) = 7067*j**2 + 8*j - 172. Is r(9) prime?
False
Let h(z) = -z**2 - 3*z + 2916*z**3 + 3206*z**3 + 6 - 3. Is h(1) prime?
True
Let t be 4 + (-4)/2 + 10. Suppose -t*h + 6253 = h. Is h a composite number?
True
Is (4/(-10))/(3 - (-9440948)/(-3146980)) composite?
False
Let g = 1312 + -1290. Let a be 130/(-2)*(0 + 1). Let c = g - a. Is c a composite number?
True
Let r = -202 - -202. Suppose -24*u + 14*u + 27770 = r. Is u composite?
False
Suppose 2*c = -12 + 18. Suppose 906 = -c*n - 4*t, -3*t = 5*n + 774 + 725. Let b = -5 - n. Is b composite?
False
Suppose -f = -2*k + 1063 - 10392, -f - 3*k = -9324. Suppose v - f = -2*v. Is v composite?
False
Suppose w - 23 = -9. Suppose 7*r + 7 = -w. Is ((-1)/r)/((-8)/(-5640)) a prime numbe